value of (-11 + 7 - (1 + 2 + -7)) + -5?
-5
Calculate (-11 - -2) + (8 - 35) + 21.
-15
Calculate 22 + -26 - (-4 - -31).
-31
Evaluate 1 + -25 + (497 - 492).
-19
What is 16 - (10 + -2 - (-14 - -15 - 2))?
7
What is (50 - 68) + 8 + 0 - 1?
-11
Evaluate 26 + 31 + -36 + 3.
24
1 - ((-4 - -9) + -2) - (-10 - 15)
23
What is the value of (17 + -9 - 0) + -24?
-16
Calculate 17 + -20 - -14 - (26 - -2).
-17
Calculate 5 + -37 + 29 - (-8 - 5).
10
What is the value of (-1 - (37 - 21)) + 9?
-8
Calculate (8 - (-2 - (-8 - -1))) + 0.
3
-1 + 4 + (1 - -1) - (99 - 81)
-13
Evaluate (-2 - -37 - (17 + -5)) + -6.
17
What is the value of -21 - (-40 - -15) - -1?
5
What is 4 + -4 - -9 - -3?
12
Evaluate 4 - -3 - (8 + 5).
-6
9 + -1 - (22 - 20 - 2 - 9)
17
Calculate 264 + -247 + -9 + 0.
8
Calculate 1 - (-1 + -1 + 9 + (124 - 124)).
-6
Evaluate -6 + -1 - (-5 + (15 - (19 - 4))).
-2
Calculate 3 - (11 + -7 + (4 - -12) + -29).
12
Evaluate -37 - ((-17 - -12) + -15).
-17
What is (-16 - -1) + -284 + 296 - (-25 - 0)?
22
What is 12 + (-11 - 3 - -11) - 14?
-5
What is the value of -12 + 0 + 5 + 14 - (1 + 2)?
4
Calculate 2 - (2 + (4 - (10 - -10))).
16
What is -20 + -29 - -40 - (-1 - -8 - -2)?
-18
What is -2 - ((0 - -3) + -12 + 3)?
4
Calculate 6 - -5 - (0 + (-3 - -8)).
6
Calculate -91 + 84 - ((-3 - (1 + -4)) + 1).
-8
10 + 5 + 5 - (14 - (8 - 1))
13
Evaluate 8 + -1 + -6 - 12.
-11
-65 - -78 - (0 - -5)
8
Calculate 17 - (37 - (5 + 28)).
13
Calculate 2 + (18 - (-3 - ((4 - 10) + 1))).
18
What is the value of (5 + 5 - (-18 + 22)) + 2 + -3?
5
Calculate (-2 - 5) + (-1 - 0) + 263 + -248.
7
0 - (28 + 8 + -17)
-19
What is (-18 - -34) + (0 - 28)?
-12
Evaluate -1 + 5 + 4 + -3 + -6 - 16.
-17
10 - -12 - (2 + 5) - 1
14
Evaluate (2 - 9) + (-40 - -55) - 9.
-1
Evaluate 1 - -14 - (9 - (14 - 5) - 3).
18
What is 20 - (-1 - (-6 + -5 + 12))?
22
What is the value of (-8 - (-1 - -11)) + 11?
-7
Evaluate -27 + 55 + (-12 - 4).
12
Calculate 15 - (27 - 14) - -8.
10
What is the value of -4 - (-5 - (1 + -3 - -2) - -2)?
-1
Calculate (38 - 16) + -23 + 14 + 0.
13
What is 0 + -9 - (4 - 10 - -5)?
-8
Calculate 21 + -14 + 5 - 11.
1
What is 0 + (9 - 0 - (53 - 44))?
0
Calculate 31 + 10 + -26 + -28.
-13
Evaluate -22 + -1 + (19 - (34 - (29 - 3))).
-12
What is 1 + (-32 - -17) + 16?
2
What is 12 + 0 + (25 - 15) + -12?
10
Calculate 48 - 38 - (0 + -1).
11
1 + -10 + (4 - 5) + 27 + 0
17
(-37 - 0) + (516 - 477)
2
Evaluate -16 + 2 + -1 - (-52 + 76 + -30).
-9
Calculate 2 + (0 - 1) - (-15 + -2 + 11).
7
Evaluate -12 + (6 - 5) - 9 - 0.
-20
What is (-1 - ((14 - 49) + 8)) + 3 + -1?
28
What is 50 + -26 + -7 + 0?
17
What is the value of 3 + 8 + (-30 - -21)?
2
Calculate -2 + 10 - (-70 - -88).
-10
What is -33 - (-9 - (31 + -21))?
-14
What is -1 - (2 - -5) - (-172 - -164)?
0
Evaluate -8 - (-11 - (12 - 8) - -11 - -30).
-34
-7 - ((-1 - (8 - 7)) + -1)
-4
Evaluate -3 - -19 - (-5 - (-10 - 9)).
2
Calculate -8 + 11 + -8 + 0 + 7.
2
Calculate 125 + 115 + -228 - (0 - (1 - 6)).
7
What is -4 + (7 - (-8 + 1 + 20)) + 12?
2
What is the value of -8 - (-8 + (9 - -10) + -7)?
-12
Calculate -28 - -27 - (-2 + -5).
6
What is 0 - 22 - (-9 - (-54 + 47))?
-20
What is the value of 5 - (-2 + 4 - -5 - 7)?
5
8 + (-5 - (0 + (-28 - -14)))
17
What is the value of (3 - -7 - 4) + -2?
4
Calculate -1 + (-2 - -2) - (385 + -382).
-4
Calculate -13 - ((0 - 17) + -7).
11
What is the value of (43 + -15 - 9) + -11?
8
Evaluate 13 + -19 + 0 + 3 + (2 - 4).
-5
What is the value of (-3 - 3 - (-2 - (23 + -15))) + 5?
9
-19 + (-10 - -43) - 17
-3
What is the value of (14 - 1 - 3 - 12) + 1 + -8?
-9
Calculate 223 + -211 + (-1 - 10).
1
What is the value of 31 + -8 - (-37 + 85)?
-25
What is the value of -21 + 2 - (40 + -55) - (1 - 11)?
6
What is (-10 - -4) + -39 + 51?
6
Evaluate 1 - ((-1 + -29 - -16) + 26).
-11
Calculate 1 + (-4 - -5 - (5 - (10 - 1))).
6
What is the value of 33 - (-18 + 39) - (1 + -8)?
19
What is the value of -1 + -47 - (-1419 - -1400)?
-29
0 - 6 - (-2716 - -2728)
-18
-13 + (19 - (6 + 6)) - -5
-1
What is the value of -4 + 7 + -3 + (-7 - (0 - 5))?
-2
What is (428 - 438) + 8 + 0 + 0 + -3?
-5
-7 - -28 - -4 - (-2 - -8)
19
What is the value of (-5 - (2 + -1 + 5)) + -1 + 1?
-11
What is -3 + 24 + -87 + 74?
8
What is the value of 5 - (8 - ((6 - 12) + 6)) - -5?
2
(-7 - -4) + -4 + (0 - 3) - -9
-1
What is -8 + (21 - 32 - -37)?
18
Evaluate -5 + 11 + -12 + (4 - (-1 + -1)).
0
Calculate 18 + 3 + -8 + (-3 - 0).
10
3 + (62 - 55 - (16 - -5))
-11
5 + (8 - 4) + (-1 - (5 + -10))
13
Evaluate (14 - -6) + -13 + -19.
-12
What is the value of (-17 - -14 - (-5 - 1) - 2) + -16?
-15
1 + 19 + 17 - 26
11
Calculate 20 - (17 + -4) - 3.
4
What is the value of 12 - ((-9 - -17) + 6)?
-2
What is the value of 31 + (-14 - -4) + (1 - 7)?
15
What is the value of -13 + 8 + 27 + (2 - (-1 - 5))?
30
Calculate (-30 - -20) + (-6 - 1) + 1 + 2.
-14
Calculate 8 + 1 + -10 + -23 + 3 + 1.
-20
Evaluate -8 + (5 + -10 + (4 - -4) - -4).
-1
What is (-11 - -23) + 3 - -4?
19
What is the value of 3 - 0 - (7 + 0 - -2)?
-6
1 + (-2 - -25 - -4)
28
What is 22 + 0 + -23 - (1 + 0 + -14)?
12
28 + (-11 - 16 - -16)
17
Evaluate -19 - (32 + -23) - (-1 + 1) - 9.
-37
7 + (9 - -1) + -1
16
(0 + (-6 - -5) - (-4 - -7)) + -4
-8
Evaluate 10 + -2 + 60 + -61.
7
What is -3 + -1 + (0 - 3 - 8 - -24)?
9
What is 17 - 29 - -13 - (2 - 1)?
0
Evaluate -12 + 6 + 6 + -9 + 35.
26
Evaluate 194 + -212 - (-29 - -2).
9
What is the value of -13 + (22 - -38) - 36?
11
Evaluate (13 - 44) + 42 - -9.
20
What is 36 - ((-2 - -33) + -28)?
33
What is the value of -42 + -1 + -18 + (16 - -8)?
-37
What is -18 + (13 - -2) + 5 + (-7 - -33)?
28
What is -10 + (17 - 8) + 6 + -8?
-3
Evaluate 6 - (-8 + (-8 - -18)) - -3.
7
What is the value of 12 - ((24 - 13) + -15)?
16
What is the value of 12 + 3 + -7 - (-9 + (8 - 11))?
20
4 + (5 - (19 - (7 + 0))) - 12
-15
What is 25 + 5 + -23 + 8?
15
Calculate 8 + (0 - -2) + 643 + -652.
1
-4 + 0 - -17 - (-234 + 273)
-26
Evaluate 27 + 0 + -10 - 12.
5
Evaluate (0 - 2 - -12) + -293 + 295.
12
Evaluate 2 + 1 - 10 - -4.
-3
Calculate -32 + (-42 + 27 - -38).
-9
Evaluate 9 + -9 - 8 - (11 - 0).
-19
-29 - (11 + -5 + (0 + -5 - -11))
-41
Evaluate -1 + (0 - (0 + 0)) + (2728 - 2731).
-4
What is the value of (29 + 10 - 45) + 3 + -12?
-15
Evaluate -13 + (-14 - -15) + 13.
1
What is the value of (20 - 52 - -24) + 12?
4
What is the value of (-24 - -4) + -2 - (13 + 17 + -21)?
-31
Calculate -3 + (-5 + -19 - -3) - (63 - 67).
-20
Calculate (0 - 6) + 0 + (-2 - -5) + 10.
7
Evaluate 13 + 3 - (11 - (11 + -8)).
8
8 + 2 + (2 - 7) - (-71 - -68)
8
Calculate 0 - (5 + -1) - ((44 - 1) + -42).
-5
What is the value of 9 + -10 - (6 + -6)?
-1
What is the value of (-3 - 1) + 23 + -20 + 3 + -19?
-17
What is -75 - -83 - ((-1 - -3) + -5)?
11
What is the value of -13 + 15 - (-1 + 5 + -3 + -1)?
2
What is the value of 14 + -7 + 5 + (0 - (-19 + -8))?
39
What is 14 - (16 + -5) - 8 - -7?
2
What is -16 + 4 - (-25 - -24) - 4?
-15
What is the value of 0 + -4 - (-40 + 49 + (0 - 14))?
1
Evaluate -59 + 19 + 35 + (2 - 1) + -2.
-6
Evaluate (9 - (13 + (10 - 34))) + 0.
20
(4 - -5 - -2) + -5 + -3
3
Calculate 7 + (1 - (-7 - (-5 + 4))) + -6.
8
Evaluate (-6 - (-12 + 15)) + 2.
-7
What is the value of -1 - -2 - 6 - (6 - -10)?
-21
What is -22 - (6 - (-3 + 14)) - -1?
-16
What is 3 + 2 + (-21 + 12 - -10 - 6)?
0
Calculate -20 + (-12 - -23 - -13) + (8 - -1).
13
What is -6 + -7 + -6 + 15 + -10 + 2?
-12
Calculate -19 + 3 + (-9 + 2 - (-6 + 3)).
-20
Evaluate -6 - (-2 + -9 - -8 - -1).
-4
What is -4 - (4 + 5 - (1 - 7))?
-19
What is the value of -15 + 25 + (5 - (2 - -6))?
7
What is the value of -18 + 21 + (-20 - -13)?
-4
Evaluate -88 + 84 - (-1 + 11) - -3.
-11
(0 - 5) + (242 - 247)
-10
-3 + -9 + (-4 - -11) + 6 + 10
11
What is the value of -46 + 52 + (-33 - -16)?
-11
Evaluate 7 - (-50 - -51 - (1 + -11)).
-4
0 + 2 + -4 - (9 - 5)
-6
What is the value of 4 - (-8 + (20 - -1))?
-9
Evaluate (6 - -9) + (40 - 63).
-8
-5 - ((-62 - -76) + -10 + -1)
-8
Evaluate (-12 - (-2 + -4)) + -19.
-25
Evaluate -6 - (3 + (5 - (0 - 4) - 6)).
-12
What is 16 - (5 + 7 + (4 - 11) + 1)?
10
(-14 - (-2 - 3)) + -5
-14
-4 - (-2 + -10 + (9 - 4))
3
Evaluate 46 - 24 - (-4 + 14).
12
What is -15 + -29 + 0 + 23?
-21
Calculate (4 - (0 - 1)) + -121 + 116 + -1.
-1
Calculate 9 - (-12 + (19 - -5)) - 20.
-23
(0 - -1) + 7 + 13
21
Evaluate -5 - (-13 + (14 - 10)) - (7 - -2).
-5
-50 + (48 - 18) + 33
1